6. Suppose -g*v = -4*v - 4. What is the tens digit of (22/v)/((-3)/(-6))?
1
Suppose 62 = 2*k - 8. Suppose -31 = -3*q + 5*n + 1, -4*q = n - k. What is the units digit of q?
9
Suppose 2 + 18 = 2*q. Let j = 16 - q. Let s = j + 1. What is the units digit of s?
7
Let h be 16/7 + (-6)/21. Let t be (1 - 0) + -1 + 3. Suppose h*s = -t*s + 5*o + 5, -2*s = 5*o - 37. What is the units digit of s?
6
Let n(x) = -x - 5. Let f be n(-5). Suppose 3*v + f = 18. What is the units digit of v?
6
Let t = 2 + 1. What is the units digit of t?
3
Suppose 0 = -6*n + n + 5*s + 5, 4*n + 4*s = -20. What is the units digit of (-18)/(-12) - 69/n?
6
Let q(k) be the second derivative of k**4/12 + k**3/6 + k**2/2 - 9*k. Let j be 0/((3 + -1)/(-2)). What is the units digit of q(j)?
1
Let k(p) = -p**2 - 9*p - 8. Let g = 12 + -19. Let x be k(g). Suppose -3*n - 18 = -x*n. What is the units digit of n?
6
What is the tens digit of (-6)/(-12) + 127/2?
6
Suppose -4*q - 3*b = -88, 2*q + 2*b = q + 17. What is the units digit of q?
5
Let v(q) = 4*q**2 + 4*q + 6. Let n(t) = -t**2 - t - 1. Suppose 10 + 10 = 4*j. Let u(b) = j*n(b) + v(b). What is the units digit of u(0)?
1
Suppose 4*d - 60 = 4*r, -5*d = r + 3*r - 39. Suppose 4*p - d = -3*t, 4*t = 3 + 1. What is the units digit of p?
2
What is the units digit of 11 + -2 + (1 - -3)?
3
Let z(q) = -q**3 + 3*q**2 - 1. Suppose 4 = 2*w - 0. Let v be z(w). Let i(c) = -c**3 + 2*c**2 + 3*c + 2. What is the units digit of i(v)?
2
Suppose 5*s - 4*p = -p + 228, -5*p - 28 = -s. Let o = -34 + s. What is the tens digit of o?
1
Let m(l) = l. Let p(c) = -15*c + 2. Let q(r) = -6*m(r) - p(r). What is the units digit of q(2)?
6
Let j(p) = p**3 + p**2 - 2*p + 364. What is the hundreds digit of j(0)?
3
Let s(n) = n**2 - 9*n + 1. Let d(o) = 1. Let c(v) = -v**3 - 3*v**2 + 5*v. Let w be c(-4). Let u(y) = w*d(y) - s(y). What is the tens digit of u(4)?
1
What is the units digit of (-3 - -5) + 192/3?
6
Suppose 4*x = -2*x + 1182. What is the units digit of x?
7
Suppose -s = -125 + 7. What is the hundreds digit of s?
1
Suppose -3*x - 18 = -2*s - 283, -3*x + 3*s + 267 = 0. What is the tens digit of x?
8
Suppose -j - 4*a + 5*a + 16 = 0, -4*j + 50 = 3*a. Let l be 32/j + 4/(-14). Suppose 3*p - r - 57 = -4*r, 4*p - l*r = 64. What is the units digit of p?
7
Suppose -19*w + 1440 = -3*w. What is the tens digit of w?
9
Let k be (-20)/(-90) - (-104)/18. What is the units digit of 6 - k/2*1?
3
Let a(w) = w**2 + 5*w - 8. What is the tens digit of a(-11)?
5
Suppose 2*y - 3*y = 25. Let r = 38 + y. What is the tens digit of r?
1
Let a(r) = -2*r**3 - 3*r**2 + 5*r + 5. Let m be a(-5). Suppose 4*u + u = m. What is the units digit of u?
1
What is the tens digit of 201*(24/(-9) - -3)?
6
Suppose 0 = -0*l + 3*l - 27. Let d = l + -6. Suppose 0 = -0*h - h + y + 2, -d = -y. What is the units digit of h?
5
Let m be 3*(-2)/(-2)*1. Suppose 0 = 2*j + x - 22, -m*j + 24 = 3*x - 12. What is the units digit of j?
0
Suppose b - 1 = t - 2, b = -t - 7. Let w = b + 9. Suppose 4*k - j - 1 = 4, -w*k + 16 = 2*j. What is the units digit of k?
2
Let r(i) be the first derivative of 2*i**3/3 + i**2 - i - 1. What is the units digit of r(1)?
3
Suppose 0 = 2*s + 2*s - 16. What is the units digit of s?
4
Let p(s) = s**2 + 3*s + 3. Let c(n) = n**2 - 8. Let w be c(0). What is the units digit of p(w)?
3
Let n(h) = -h**2 - 2*h + 1. Let u be n(-3). Let z be 2/4 - 5/u. Let y = 4 + z. What is the units digit of y?
7
Let v(n) = -n + 6. Let s be v(0). Suppose -u = 5, s = w - u - 3. Suppose w*c - 36 = -0*c. What is the units digit of c?
9
Let m = 48 + -29. What is the units digit of m?
9
Let n(s) = -s**2 - 7*s + 7. Let j(g) = -g - 19. Let b be j(-13). What is the units digit of n(b)?
3
Suppose -3*q + 0*q + 15 = 0, -4*b + 39 = -q. What is the tens digit of b?
1
Let h(b) be the first derivative of 5*b**2/2 - 12*b + 3. What is the units digit of h(5)?
3
Let k(b) = -b + 4. Let a be k(4). Let x be (a - 3/(-9))*69. Suppose 3*u - 56 = -x. What is the tens digit of u?
1
Let n be -1 + 7 + -2 + -1. Suppose g = 2*b + 34, 0 = n*g - 3*b - 42 - 48. What is the tens digit of g?
2
Suppose 2*t + 4*r - 296 = 0, 578 = 5*t - 5*r - 162. What is the tens digit of t?
4
Let b(t) = -t**2 - 8*t - 4. Suppose -12 = 2*g - 5*r - 43, -13 = 4*g + 5*r. Suppose -g*d = -15, -d = 2*x + 2*d - 5. What is the tens digit of b(x)?
1
Let t be 6/18 + 5/3. Suppose t*m + m = 30. What is the tens digit of m?
1
Suppose 6*s - 560 = s. What is the hundreds digit of s?
1
Suppose 0 = 5*x - 18*x + 2834. What is the tens digit of x?
1
Let n be -1*(-2)/(-3 + 2). Let i(d) = 3*d**2 - 3*d - 1. What is the units digit of i(n)?
7
Suppose 5*f - 5*k - 120 = 0, -29 = -5*f - 5*k + 61. Suppose 4*q = 12, -5*q = -4*b + 12 + f. What is the tens digit of b?
1
Let o(b) = 3 + 2 - 3 - b - 3*b. Let a = 4 - 6. What is the units digit of o(a)?
0
Suppose 0 = c - 2*c + 6. Suppose 0 = -o + c*o. Suppose -3*l + 24 = 3*h, 5*h = -o*h + 25. What is the units digit of l?
3
What is the units digit of ((0 - 0) + 30)*6/12?
5
Let a(t) = 5*t**3 - t**2 + 6*t - 1. Let p(f) = 14*f**3 - 4*f**2 + 19*f - 2. Let k(d) = 17*a(d) - 6*p(d). What is the tens digit of k(-8)?
2
Let l = 4 + 0. Let j be 17/l - (-2)/(-8). Suppose -2*v - 3*v + 5*f = -40, -j*v = -2*f - 30. What is the units digit of v?
7
Let z be (4/(-2))/(4/8). What is the units digit of z/24 - 37/(-6)?
6
Suppose 3*i - 3*x = 2*i + 9, 4*i + 4*x = 116. What is the units digit of i?
4
Let y = 119 + -105. What is the units digit of y?
4
Let i = -25 - -9. Let c = i + 46. What is the tens digit of c?
3
Let r(v) = v**3 + v**2 + 2. Let g be r(0). Let n be (5/(-10))/((-1)/(-2)). Let k = g - n. What is the units digit of k?
3
Let h = -86 - -54. What is the units digit of (-16)/h - 61/(-2)?
1
Let s be 2 - (3 - 3) - 0. Suppose -5*g + 3*q + 81 = 5*q, -2*g - s*q = -36. What is the tens digit of g?
1
Suppose -284 = -2*f + u, f + 0*u + 5*u - 131 = 0. What is the tens digit of f?
4
Let n(a) = a**3 - 15*a**2 - 22*a + 19. What is the hundreds digit of n(17)?
2
Let y = 7 - 12. Let p be (-5)/((-25)/(-4))*y. Suppose -37 = -5*c + p*g, c + 4*c + 2*g - 49 = 0. What is the units digit of c?
9
Let t = 620 + -295. What is the hundreds digit of t?
3
Suppose -5*r + 89 = 29. Suppose -j = j - r. What is the units digit of j?
6
Let n(g) = g**2 - 5*g + 0*g - 2*g + 3 + 3. Let t be n(5). What is the units digit of (-2)/1 - 0 - t?
2
Let v(j) = -3 + 5*j**3 - 2*j**2 + 4 - 12*j + 12*j. Let g = -2 - -3. What is the units digit of v(g)?
4
Suppose 2*x - 5*t = -2*x + 163, -x = -2*t - 40. What is the tens digit of x?
4
Let d be (-15)/6*4/2. What is the units digit of 0/1 - (d - 1)?
6
Suppose -22*t + 25*t - 204 = 0. What is the tens digit of t?
6
Suppose -9*v + 532 = -17. What is the tens digit of v?
6
Let w be 9 + 2/(-1) + -1. Let g(h) = h - 4. What is the units digit of g(w)?
2
Let j(b) be the second derivative of b**5/20 + 5*b**4/12 - 4*b**3/3 - 3*b**2/2 - 3*b. What is the units digit of j(-6)?
9
Suppose 5*o = -20, 3*a - 2*o = -40 + 201. What is the units digit of a?
1
Suppose 4*t = 4*q + 248, 10 = -0*q + 2*q. What is the units digit of t?
7
Let j(t) = -t + 27. What is the units digit of j(11)?
6
Suppose -s - 2*q = -14, 4*q - 49 = -4*s - 13. What is the tens digit of (s/(-16))/(2/(-136))?
1
Suppose 0 = -6*u + 284 - 2. What is the units digit of u?
7
Suppose -5*b = -10, 512 = 4*a - 3*b + 7*b. What is the hundreds digit of a?
1
Let p(h) = -19*h**2 + 1. Let z be p(-1). Let n be (-16)/(-9) - 4/z. Suppose n*w = -2*w + 36. What is the units digit of w?
9
Let h(k) be the third derivative of k**6/120 - k**5/30 + k**4/8 - k**3/6 + k**2. Let g be h(3). Let t = g + -11. What is the units digit of t?
6
Suppose 4*r = 3*r, -32 = -4*z + 5*r. What is the units digit of z?
8
What is the tens digit of (0 - (0 - -3)) + 0 + 51?
4
Suppose -3*l + 5*l - 14 = 0. Let c = 15 + l. Suppose 5 + c = 3*v. What is the units digit of v?
9
Suppose -r + 9 = 2*r. What is the units digit of 1/1*r*1?
3
Let f be (-2)/4 + 2/4. Suppose f = w - 2. Suppose -w*m + 48 = 2*m. What is the units digit of m?
2
Let z be (-348)/(-108) - (-2)/(-9). Suppose -1 = a - 3*a - z*n, -2*a + 31 = -3*n. What is the units digit of a?
8
Suppose -4*i = -i. Let d = 1 - i. What is the units digit of d?
1
Suppose 5*z - 170 = r, -15 = -4*r + 5. What is the tens digit of z?